are the prime factors of 657542?
2, 163, 2017
What are the prime factors of 535557?
3, 11, 16229
What are the prime factors of 463429?
19, 24391
List the prime factors of 468610.
2, 5, 46861
List the prime factors of 1457027.
11, 13, 23, 443
List the prime factors of 46242.
2, 3, 7, 367
List the prime factors of 1068864.
2, 3, 19, 293
What are the prime factors of 5404802?
2, 13, 207877
What are the prime factors of 1705031?
31, 55001
List the prime factors of 36002.
2, 47, 383
What are the prime factors of 3556566?
2, 3, 13, 15199
What are the prime factors of 12498224?
2, 781139
List the prime factors of 292025.
5, 11681
List the prime factors of 159607.
7, 151
List the prime factors of 153881.
7, 13, 19, 89
List the prime factors of 117260.
2, 5, 11, 13, 41
List the prime factors of 2376196.
2, 41, 14489
What are the prime factors of 548515?
5, 11, 9973
List the prime factors of 2253668.
2, 563417
List the prime factors of 587730.
2, 3, 5, 11, 13, 137
List the prime factors of 38679.
3, 12893
List the prime factors of 135664.
2, 61, 139
List the prime factors of 122771.
11, 11161
What are the prime factors of 42410?
2, 5, 4241
What are the prime factors of 400507?
157, 2551
What are the prime factors of 263452?
2, 7, 97
List the prime factors of 472732.
2, 13, 9091
What are the prime factors of 1815473?
11, 151, 1093
What are the prime factors of 2241651?
3, 607, 1231
What are the prime factors of 574493?
574493
List the prime factors of 116641.
7, 19, 877
What are the prime factors of 11497217?
23, 499879
List the prime factors of 2180149.
2180149
What are the prime factors of 558410?
2, 5, 19, 2939
What are the prime factors of 392410?
2, 5, 39241
List the prime factors of 2024610.
2, 3, 5, 7, 31, 311
What are the prime factors of 6889551?
3, 2296517
What are the prime factors of 6046256?
2, 19, 19889
List the prime factors of 270438.
2, 3, 7, 47, 137
List the prime factors of 1452104.
2, 181513
List the prime factors of 1286673.
3, 61, 79, 89
What are the prime factors of 186184?
2, 17, 37
List the prime factors of 1798152.
2, 3, 74923
List the prime factors of 6565120.
2, 5, 23, 223
List the prime factors of 112635.
3, 5, 2503
List the prime factors of 7388090.
2, 5, 67, 11027
List the prime factors of 184466.
2, 92233
What are the prime factors of 1603576?
2, 13, 17, 907
What are the prime factors of 158908?
2, 39727
List the prime factors of 3800587.
7, 77563
List the prime factors of 62719.
19, 3301
List the prime factors of 1875586.
2, 41, 89, 257
List the prime factors of 22037.
22037
What are the prime factors of 6588896?
2, 19, 10837
What are the prime factors of 327600?
2, 3, 5, 7, 13
List the prime factors of 501347.
7, 11, 17, 383
List the prime factors of 320912.
2, 31, 647
What are the prime factors of 1847588?
2, 139, 3323
List the prime factors of 2315721.
3, 41, 67, 281
List the prime factors of 51439.
51439
What are the prime factors of 2387153?
401, 5953
What are the prime factors of 2368620?
2, 3, 5, 13159
What are the prime factors of 383454?
2, 3, 263
List the prime factors of 3648743.
7, 23, 131, 173
List the prime factors of 1559669.
1559669
List the prime factors of 2380695.
3, 5, 43, 3691
List the prime factors of 3540990.
2, 3, 5, 118033
What are the prime factors of 1513477?
7, 216211
List the prime factors of 1171843.
787, 1489
What are the prime factors of 521989?
13, 40153
What are the prime factors of 464439?
3, 23, 53, 127
What are the prime factors of 221076?
2, 3, 23, 89
List the prime factors of 33477.
3, 11159
List the prime factors of 4934511.
3, 349, 1571
What are the prime factors of 4026840?
2, 3, 5, 23, 1459
What are the prime factors of 473959?
31, 15289
List the prime factors of 596045.
5, 23, 71, 73
What are the prime factors of 3600090?
2, 3, 5, 13, 17, 181
List the prime factors of 439108.
2, 151, 727
List the prime factors of 1330010.
2, 5, 11, 107, 113
What are the prime factors of 877932?
2, 3, 11, 739
What are the prime factors of 915520?
2, 5, 2861
List the prime factors of 2072385.
3, 5, 7, 17, 43
What are the prime factors of 13517?
7, 1931
List the prime factors of 307326.
2, 3, 17, 23, 131
List the prime factors of 805920.
2, 3, 5, 23, 73
List the prime factors of 589060.
2, 5, 29453
What are the prime factors of 296290?
2, 5, 29629
What are the prime factors of 469294?
2, 7, 33521
What are the prime factors of 1010162?
2, 193, 2617
What are the prime factors of 423144?
2, 3, 653
What are the prime factors of 1291636?
2, 137, 2357
List the prime factors of 18817214.
2, 13, 723739
What are the prime factors of 3236378?
2, 1618189
List the prime factors of 4341995.
5, 7, 131, 947
What are the prime factors of 495173?
7, 127, 557
List the prime factors of 1029927.
3, 343309
What are the prime factors of 107917?
311, 347
What are the prime factors of 1193130?
2, 3, 5, 491
List the prime factors of 922409.
709, 1301
What are the prime factors of 1990694?
2, 995347
What are the prime factors of 76734?
2, 3, 7, 29
List the prime factors of 242880.
2, 3, 5, 11, 23
What are the prime factors of 2772379?
41, 67619
What are the prime factors of 123533?
23, 41, 131
What are the prime factors of 884994?
2, 3, 11, 23, 53
List the prime factors of 5222055.
3, 5, 19, 73, 251
List the prime factors of 14538.
2, 3, 2423
List the prime factors of 44131.
44131
List the prime factors of 30520367.
30520367
List the prime factors of 6884034.
2, 3, 1147339
List the prime factors of 240866.
2, 83, 1451
What are the prime factors of 804415?
5, 160883
List the prime factors of 1695993.
3, 13, 43487
What are the prime factors of 5152671?
3, 572519
What are the prime factors of 4381779?
3, 1460593
List the prime factors of 397236.
2, 3, 7, 4729
List the prime factors of 13600170.
2, 3, 5, 17, 2963
What are the prime factors of 7619991?
3, 2539997
What are the prime factors of 257829?
3, 11, 13, 601
List the prime factors of 4130.
2, 5, 7, 59
What are the prime factors of 12005654?
2, 61, 98407
What are the prime factors of 155054?
2, 77527
List the prime factors of 24021120.
2, 3, 5, 12511
What are the prime factors of 4806046?
2, 7, 343289
List the prime factors of 311977.
223, 1399
List the prime factors of 1024.
2
List the prime factors of 146427.
3, 48809
List the prime factors of 10301984.
2, 7, 11, 37, 113
List the prime factors of 491740.
2, 5, 23, 1069
List the prime factors of 6822359.
41, 166399
What are the prime factors of 11488609?
11, 809, 1291
What are the prime factors of 5191?
29, 179
List the prime factors of 677498.
2, 29, 11681
What are the prime factors of 3152380?
2, 5, 7, 11, 23, 89
What are the prime factors of 794514?
2, 3, 7, 18917
List the prime factors of 677444.
2, 169361
What are the prime factors of 4612790?
2, 5, 7, 13, 37, 137
What are the prime factors of 288711?
3, 17, 37
List the prime factors of 1679823.
3, 186647
What are the prime factors of 3665569?
139, 26371
List the prime factors of 5089883.
107, 47569
What are the prime factors of 948379?
17, 55787
List the prime factors of 39865292.
2, 9966323
What are the prime factors of 5193879?
3, 971, 1783
List the prime factors of 16314.
2, 3, 2719
List the prime factors of 10974807.
3, 883, 1381
What are the prime factors of 260967?
3, 7, 17, 43
List the prime factors of 10656946.
2, 367, 14519
List the prime factors of 13086971.
13086971
What are the prime factors of 310390?
2, 5, 31039
List the prime factors of 178578.
2, 3, 3307
List the prime factors of 113192.
2, 14149
List the prime factors of 3436422.
2, 3, 11, 52067
What are the prime factors of 1104097?
1104097
What are the prime factors of 198383?
283, 701
What are the prime factors of 1486849?
7, 13, 16339
What are the prime factors of 258778?
2, 13, 37, 269
List the prime factors of 6843932.
2, 31, 97, 569
List the prime factors of 2427288.
2, 3, 19, 5323
List the prime factors of 2661044.
2, 17, 39133
List the prime factors of 11854339.
7, 59, 28703
List the prime factors of 3154166.
2, 83, 19001
What are the prime factors of 220729?
103, 2143
List the prime factors of 992268.
2, 3, 43, 641
What are the prime factors of 5226254?
2, 11, 19, 12503
What are the prime factors of 12038582?
2, 1033, 5827
What are the prime factors of 1468527?
3, 23, 21283
List the p